e number?
True
Is 144484271 prime?
False
Is 445408037 composite?
False
Is 23066149 a composite number?
True
Is 43030237 a composite number?
True
Is 92346161 composite?
False
Is 12296189 a composite number?
True
Is 63179015 composite?
True
Is 4461266 a prime number?
False
Is 15076421 composite?
True
Is 2295679 a composite number?
True
Is 57836683 a composite number?
True
Is 7698413 a prime number?
True
Is 628915337 a prime number?
False
Is 2014949 a prime number?
False
Is 5157821 composite?
False
Is 16027097 composite?
False
Is 48017293 a prime number?
True
Is 30026041 a prime number?
False
Is 22789687 a prime number?
True
Is 6453767 a composite number?
False
Is 49545797 a composite number?
True
Is 339274337 prime?
True
Is 3302291 prime?
True
Is 309457163 a composite number?
False
Is 2814205 prime?
False
Is 12350111 a prime number?
False
Is 144580609 prime?
True
Is 3560287 a prime number?
False
Is 10723981 composite?
False
Is 20497921 prime?
True
Is 880409 a prime number?
True
Is 1190507 a prime number?
True
Is 12504323 prime?
False
Is 235262113 composite?
False
Is 366241741 a prime number?
False
Is 29472151 composite?
False
Is 2195927 a composite number?
True
Is 12880589 a prime number?
True
Is 203 prime?
False
Is 1682383 a composite number?
False
Is 15257743 prime?
True
Is 3201515 a composite number?
True
Is 19839827 a composite number?
True
Is 2620187 composite?
True
Is 5343077 prime?
False
Is 2486579 a prime number?
True
Is 18818867 composite?
False
Is 5136851 a prime number?
False
Is 630967 a composite number?
False
Is 2464439 prime?
False
Is 38636771 a prime number?
True
Is 195088381 a composite number?
False
Is 899627 a composite number?
True
Is 525571 a composite number?
False
Is 4676421 a composite number?
True
Is 78900707 composite?
True
Is 287184613 prime?
True
Is 40112257 a prime number?
True
Is 42139807 a prime number?
False
Is 312677353 composite?
False
Is 57531869 prime?
True
Is 124695421 a prime number?
False
Is 307155973 prime?
False
Is 423894479 a prime number?
False
Is 4356679 prime?
True
Is 136079 composite?
True
Is 54321079 prime?
False
Is 1443707 a prime number?
False
Is 79280683 a prime number?
True
Is 74829089 composite?
False
Is 731517893 prime?
True
Is 3184271 prime?
False
Is 10408309 prime?
True
Is 919283 prime?
False
Is 814401611 composite?
False
Is 460555077 a composite number?
True
Is 42519467 composite?
True
Is 1386212551 prime?
False
Is 7323313 prime?
True
Is 32109097 composite?
False
Is 2542951 composite?
False
Is 22919573 composite?
True
Is 11266483 a composite number?
False
Is 15538399 a prime number?
True
Is 140307 prime?
False
Is 4979189 prime?
False
Is 1539557 prime?
True
Is 15562537 a prime number?
False
Is 29710861 a composite number?
False
Is 14084905 a prime number?
False
Is 81355237 a prime number?
False
Is 65579249 a prime number?
True
Is 488418859 prime?
True
Is 593471 composite?
True
Is 12854311 a prime number?
True
Is 238138997 a prime number?
True
Is 11079899 prime?
True
Is 2233183 a composite number?
False
Is 6506693 a prime number?
True
Is 10937741 composite?
False
Is 10573781 composite?
True
Is 27997297 a prime number?
True
Is 21766831 a prime number?
True
Is 500298835 a prime number?
False
Is 144003389 prime?
True
Is 14098351 prime?
False
Is 3827521 composite?
True
Is 8591849 composite?
True
Is 84047347 a composite number?
True
Is 565365865 a prime number?
False
Is 7683899 composite?
False
Is 23071751 composite?
True
Is 8058497 prime?
True
Is 1719607 a composite number?
False
Is 232228559 composite?
False
Is 1610509 a composite number?
True
Is 292121233 a composite number?
False
Is 149351 a prime number?
True
Is 9851563 a composite number?
False
Is 1291271 a prime number?
True
Is 10159059 a prime number?
False
Is 185623973 a prime number?
False
Is 3630407 a composite number?
True
Is 1268941 prime?
False
Is 1736519 composite?
False
Is 13084257 a composite number?
True
Is 3312955 a composite number?
True
Is 1539019 composite?
True
Is 4385603 a prime number?
True
Is 311022479 prime?
True
Is 6255958 composite?
True
Is 3067279 prime?
True
Is 68897579 a prime number?
False
Is 8928511 composite?
False
Is 16307171 composite?
False
Is 8596727 prime?
True
Is 78356833 a composite number?
False
Is 48253441 a composite number?
False
Is 771317 prime?
False
Is 3574957 a composite number?
True
Is 113501519 a composite number?
False
Is 1217287109 prime?
True
Is 809417 a composite number?
True
Is 3791891 prime?
False
Is 4379797 prime?
True
Is 38891789 a composite number?
True
Is 41002151 prime?
True
Is 16785841 a prime number?
False
Is 4399339 a composite number?
True
Is 206608901 a prime number?
False
Is 112273151 a prime number?
False
Is 3364687 a prime number?
True
Is 2469323 a prime number?
False
Is 9518 composite?
True
Is 23208973 a composite number?
False
Is 13292947 a prime number?
True
Is 12484669 a composite number?
False
Is 4757383 prime?
True
Is 79585921 a composite number?
False
Is 1714919 prime?
True
Is 25365163 a prime number?
True
Is 17915713 a composite number?
True
Is 613579 composite?
True
Is 102573217 a composite number?
False
Is 269021909 a prime number?
False
Is 24443 composite?
False
Is 21395989 prime?
False
Is 2588233 a prime number?
False
Is 39285907 a prime number?
False
Is 17114861 prime?
True
Is 9047771 prime?
False
Is 11762837 a prime number?
False
Is 2807821 a prime number?
True
Is 13065047 a composite number?
False
Is 24599101 prime?
True
Is 3282793 a prime number?
False
Is 30310259 composite?
True
Is 429899 a prime number?
True
Is 62157479 composite?
True
Is 7703833 a prime number?
False
Is 4076713 a prime number?
True
Is 132405505 composite?
True
Is 98387 a composite number?
False
Is 2303426 a composite number?
True
Is 22907414 composite?
True
Is 972817 a prime number?
False
Is 233739587 a prime number?
True
Is 68118703 prime?
True
Is 13727543 composite?
False
Is 1270889 a composite number?
True
Is 11938946 prime?
False
Is 25151927 a prime number?
True
Is 76052629 a composite number?
True
Is 155954173 a composite number?
True
Is 87115219 prime?
True
Is 692688539 prime?
False
Is 204037 composite?
True
Is 102164521 composite?
False
Is 11450441 prime?
True
Is 40024039 a composite number?
True
Is 96219194 a prime number?
False
Is 165490849 prime?
False
Is 6331 a composite number?
True
Is 1012847 composite?
True
Is 1606603 a prime number?
True
Is 4527451 a composite number?
True
Is 26573093 composite?
True
Is 2871503 a prime number?
True
Is 85367 a prime number?
False
Is 3077719 a prime number?
False
Is 37293989 a prime number?
True
Is 12637811 a prime number?
True
Is 7413487 prime?
True
Is 47966531 composite?
False
Is 398623 composite?
True
Is 8104891 composite?
True
Is 41115101 a composite number?
False
Is 227078 prime?
False
Is 5373161 composite?
True
Is 115033 prime?
False
Is 267389 a composite number?
False
Is 691367 composite?
True
Is 6447333 composite?
True
Is 20617414 a prime number?
False
Is 57398041 prime?
False
Is 11456155 composite?
True
Is 4777559 a prime number?
True
Is 3412513 a prime number?
False
Is 43451105 prime?
False
Is 30786341 prime?
True
Is 55877 composite?
True
Is 3811154 a prime number?
False
Is 2704661 a composite number?
False
Is 35864753 a prime number?
False
Is 2181323281 a composite number?
True
Is 2948959 a composite number?
True
Is 887713 prime?
False
Is 83421241 composite?
False
Is 244507 composite?
False
Is 1402267 prime?
True
Is 235951 a composite number?
False
Is 33173369 prime?
False
Is 22069381 a composite number?
False
Is 273022307 composite?
False
Is 825761 composite?
True
Is 570919 composite?
False
Is 356462957 a prime number?
True
Is 60687827 a prime number?
True
Is 1142096281 a composite number?
True
Is 83463427 prime?
False
Is 383198261 prime?
True
Is 11752493 composite?
False
Is 504480467 a prime number?
True
Is 15546439 prime?
True
Is 16131785 a composite number?
True
Is 55660841 a prime number?
False
Is 78581 composite?
True
Is 10756951 a prime number?
True
Is 12859997 composite?
False
Is 6983231 a composite number?
False
Is 3542201 composite?
True
Is 10742023 a composite number?
True
Is 885161 a composite number?
False
Is 522070421 composite?
True
Is 9265607 composite?
True
Is 1676383 composite?
False
Is 7741105 composite?
True
Is 